{"id":55,"date":"2023-09-07T00:16:46","date_gmt":"2023-09-06T22:16:46","guid":{"rendered":"https:\/\/urhund.de\/?page_id=55"},"modified":"2023-09-09T23:42:57","modified_gmt":"2023-09-09T21:42:57","slug":"rassestandard","status":"publish","type":"page","link":"https:\/\/urhund.de\/?page_id=55","title":{"rendered":"Rassestandard"},"content":{"rendered":"<p><a href=\"https:\/\/urhund.de\/wp-content\/uploads\/2023\/09\/FCI291.jpg\" rel=\"lightbox-0\"><img loading=\"lazy\" decoding=\"async\" class=\"aligncenter wp-image-79 size-medium\" src=\"https:\/\/urhund.de\/wp-content\/uploads\/2023\/09\/FCI291-300x196.jpg\" alt=\"\" width=\"300\" height=\"196\" srcset=\"https:\/\/urhund.de\/wp-content\/uploads\/2023\/09\/FCI291-300x196.jpg 300w, https:\/\/urhund.de\/wp-content\/uploads\/2023\/09\/FCI291-1024x670.jpg 1024w, https:\/\/urhund.de\/wp-content\/uploads\/2023\/09\/FCI291-768x502.jpg 768w, https:\/\/urhund.de\/wp-content\/uploads\/2023\/09\/FCI291.jpg 1430w\" sizes=\"auto, (max-width: 300px) 100vw, 300px\" \/><\/a><\/p>\n<h2 id=\"tablepress-1-name\" class=\"tablepress-table-name tablepress-table-name-id-1\">f\u00fcr Eurasier FCI-Standard 291\/17.02.2020\/D<\/h2>\n\n<table id=\"tablepress-1\" class=\"tablepress tablepress-id-1\" aria-labelledby=\"tablepress-1-name\">\n<tbody class=\"row-striping row-hover\">\n<tr class=\"row-1\">\n\t<td class=\"column-1\"><strong>Ursprung:<\/strong><\/td><td class=\"column-2\">Deutschland<\/td>\n<\/tr>\n<tr class=\"row-2\">\n\t<td class=\"column-1\"><strong>Datum der Publikation des g\u00fcltigen Original-Standardes:<\/strong><\/td><td class=\"column-2\">04.09.2019<\/td>\n<\/tr>\n<tr class=\"row-3\">\n\t<td class=\"column-1\"><strong>Verwendung:<\/strong><\/td><td class=\"column-2\">Begleithund<\/td>\n<\/tr>\n<tr class=\"row-4\">\n\t<td class=\"column-1\"><strong>Klassifikation FCI:<\/strong><\/td><td class=\"column-2\">Gruppe 5 Spitze und Hunde vom Urtyp.<br \/>\nSektion 5 Asiatische Spitze und verwandte Rassen.<br \/>\nOhne Arbeitspr\u00fcfung.<\/td>\n<\/tr>\n<tr class=\"row-5\">\n\t<td class=\"column-1\"><strong>Kurzer geschichtlicher Abriss:<\/strong><\/td><td class=\"column-2\">1960 entstand durch Kreuzung von Chow-Chow und Wolfspitz eine Hunderasse, die zun\u00e4chst \"Wolf-Chow\" genannt wurde und nach Einkreuzung des Samojeden 1973 in \"Eurasier\" umbenannt und von der F.C.I. anerkannt wurde. Rassegr\u00fcnder war Julius Wipfel.<\/td>\n<\/tr>\n<tr class=\"row-6\">\n\t<td class=\"column-1\"><strong>Allgemeines Erscheinungsbild:<\/strong><\/td><td class=\"column-2\">Harmonisch aufgebauter, mittelgrosser, spitzartiger Hund mit Stehohren in verschiedenen Farbschl\u00e4gen; mit einer Haarl\u00e4nge, die die Proportionen des K\u00f6rpers noch erkennen l\u00e4sst; mittelschwerer Knochenbau.<\/td>\n<\/tr>\n<tr class=\"row-7\">\n\t<td class=\"column-1\"><strong>Wichtige Proportionen:<\/strong><\/td><td class=\"column-2\">Die Rumpfl\u00e4nge betr\u00e4gt etwas mehr als die Widerristh\u00f6he. Das Verh\u00e4ltnis zwischen L\u00e4nge des Fanges und L\u00e4nge des Hirnsch\u00e4dels ist ann\u00e4hernd gleich.<\/td>\n<\/tr>\n<tr class=\"row-8\">\n\t<td class=\"column-1\"><strong>Verhalten \/ Charakter (Wesen):<\/strong><\/td><td class=\"column-2\">Selbstbewusst, ruhig, ausgeglichen mit hoher Reizschwelle, wach- und aufmerksam ohne lautfreudig zu sein; mit stark ausgepr\u00e4gter Bindung an seine Familie; Fremden gegen\u00fcber gelassen und unaufdringlich. Zu vollen Ausbildung dieser Merkmale braucht der Eurasier st\u00e4ndigen, engen h\u00e4uslichen Kontakt zu seiner Familie und eine verst\u00e4ndnisvolle, jedoch konsequente Erziehung.<br \/>\n<\/td>\n<\/tr>\n<tr class=\"row-9\">\n\t<td class=\"column-1\"><strong>Kopf:<\/strong><\/td><td class=\"column-2\">Harmonischer, nicht zu breiter Sch\u00e4del, Kopfform von oben und von der Seite gesehen keilf\u00f6rmig, Nasenr\u00fccken und Hirnsch\u00e4del parallel.<\/td>\n<\/tr>\n<tr class=\"row-10\">\n\t<td class=\"column-1\"><strongYOberkopf:<\/strong><\/td><td class=\"column-2\"><strong>Sch\u00e4del:<\/strong>Flache Stirnpartie mit gut erkennbarer Stirnfurche; ausgepr\u00e4gter Hinterhauptstachel.<br \/>\n<strong>Stopp:<\/strong> Wenig ausgepr\u00e4gt.<\/td>\n<\/tr>\n<tr class=\"row-11\">\n\t<td class=\"column-1\"><strong>Gesichtssch\u00e4del:<\/strong><\/td><td class=\"column-2\"><strong>Nasenschwamm:<\/strong> Mittelgro\u03b2, Nasenschwamm schwarz pigmentiert.<br \/>\n<strong>Fang: <\/strong>Weder zu grob noch zu spitz; sich nach vorn bis zum Nasenschwamm verj\u00fcngend; gerader Nasenr\u00fccken und gerade Unterkiefer\u00e4ste.<br \/>\n<strong>Lefzen:<\/strong> Lippenr\u00e4nder straff und schwarz pigmentiert.<br \/>\n<strong>Kiefer\/Z\u00e4hne:<\/strong> Kiefer kr\u00e4ftig; breiter Unterkieferbogen. Kr\u00e4ftiges, vollst\u00e4ndiges Gebiss (42 Z\u00e4hne gem\u00e4\u03b2 der Zahnformel); Zahnschluss entweder Schere oder Zange; obere Schneidez\u00e4hne greifen entweder eng \u00fcber untere Schneidez\u00e4hne oder aufeinander; Pr\u00e4molaren und Molaren in einer Linie ohne L\u00fccken; alle Z\u00e4hne senkrecht im Kiefer stehend.<br \/>\n<strong>Backen:<\/strong> Wenig betont.<\/td>\n<\/tr>\n<tr class=\"row-12\">\n\t<td class=\"column-1\"><strong>Augen:<\/strong><\/td><td class=\"column-2\">Dunkel, mittelgro\u03b2, nicht zu tiefliegend oder hervorquellend; leicht schr\u00e4g gestellte Lidspalten; Lidr\u00e4nder schwarz pigmentiert und straff anliegend.<\/td>\n<\/tr>\n<tr class=\"row-13\">\n\t<td class=\"column-1\"><strong>Ohren:<\/strong><\/td><td class=\"column-2\">ca. eine Ohrbasisbreite voneinander angesetzt; mittelgro\u03b2 und dreieckig; Stehohr mit leicht abgerundeten Spitzen. Ohrenspitzen und Mittelpunkt des Stirnabsatzes bilden ein nahezu gleichseitiges Dreieck.<\/td>\n<\/tr>\n<tr class=\"row-14\">\n\t<td class=\"column-1\"><strong>Hals:<\/strong><\/td><td class=\"column-2\">Von mittlerer L\u00e4nge, in Harmonie zum Gesamtbild, gut bemuskelt; straff anliegende Kehlhaut. Fliessender \u00dcbergang zum K\u00f6rper.<\/td>\n<\/tr>\n<tr class=\"row-15\">\n\t<td class=\"column-1\"><strong>K\u00f6rper:<\/strong><\/td><td class=\"column-2\"><strong>Obere Profillinie:<\/strong> Kr\u00e4ftig, nicht zu kurz.<br \/>\n<strong>Widerrist:<\/strong> Betont.<br \/>\n<strong>R\u00fccken:<\/strong> Fest und gerade; sehr gut bemuskelt.<br \/>\n<strong>Lenden:<\/strong> Von guter L\u00e4nge und Breite, sehr gut bemuskelt.<br \/>\n<strong>Kruppe:<\/strong> Fast gerade, breit und kr\u00e4ftig.<br \/>\n<strong>Brust:<\/strong> Bis zu den Ellenbogen reichend; mit ovaler Rippenw\u00f6lbung; gut entwickelte Vorbrust, ohne jedoch betont zu sein; langes, weit nach hinten reichendem Brustbein.<br \/>\n<strong>Untere Profillinie und Bauch:<\/strong> Im Bauchbereich leicht aufgezogen; Flanken leicht eingezogen.<\/td>\n<\/tr>\n<tr class=\"row-16\">\n\t<td class=\"column-1\"><strong>Rute:<\/strong><\/td><td class=\"column-2\">Hoher Ansatz, rund und fest, von guter Dicke, sich dem Ende zu verj\u00fcngend, bis zu den Sprunggelenken reichend; buschig behaart, aufliegend -nach vorn \u00fcber den R\u00fccken oder leicht seitw\u00e4rts gebogen oder gerollt getragen.<\/td>\n<\/tr>\n<tr class=\"row-17\">\n\t<td class=\"column-1\"><strong>Gliedma\u00dfen:<\/strong><\/td><td class=\"column-2\"><strong>VORDERHAND:<\/strong><br \/>\n<strong>Allgemeines:<\/strong> Von vorne gesehen gerade und parallel gestellt; von der Seite betrachtet gut gewinkelt; Ober- und Unterarm fast von gleicher L\u00e4nge.<br \/>\n<strong>Schulter:<\/strong> Gut bemuskelt, Schulterblatt etwas schr\u00e4g liegend.<br \/>\n<strong>Oberarm:<\/strong> Mittellang und gut bemuskelt.<br \/>\n<strong>Ellenbogen:<\/strong> Am Brustkorb anliegend.<br \/>\n<strong>Unterarm:<\/strong> Mittellang; gut bemuskelt.<br \/>\n<strong>Vordermittelfu\u00df:<\/strong> Mittellang, kr\u00e4ftig, von vorne gesehen v\u00f6llig gerade; von der Seite gesehen leicht nach vorne gerichtet.<br \/>\n<strong>Vorderpfoten:<\/strong> Oval; eng an einander liegende, m\u00e4\u03b2ig aufgew\u00f6lbte Zehen; kr\u00e4ftige, dunkel pigmentierte Krallen; feste, gut gepolsterte, schwarz pigmentierte Ballen. Dichte Behaarung zwischen den Ballen.<br \/>\n<strong>HINTERHAND:<\/strong><br \/>\n<strong>Allgemeines:<\/strong> Von hinten gesehen gerade und parallel gestellt, von der Seite betrachtet gut gewinkelt. Ober- und Unterschenkel fast von gleicher L\u00e4nge.<br \/>\n<strong>Becken:<\/strong> Leicht schr\u00e4ggelagert.<br \/>\n<strong>Oberschenkel:<\/strong> Mittellang und stark bemuskelt.<br \/>\n<strong>Knie:<\/strong> Stabil, Winkel nicht zu stark ge\u00f6ffnet.<br \/>\n<strong>Unterschenkel:<\/strong> Mittellang, gut bemuskelt.<br \/>\n<strong>Sprunggelenk:<\/strong> Nicht zu tief angesetzt, weder einw\u00e4rts noch ausw\u00e4rts gerichtet, stabil, nicht nach vorne durchdr\u00fcckend.<br \/>\n<strong>Hintermittelfu\u00df:<\/strong> Gut lang und breit; von der Seite betrachtet senkrecht gestellt.<br \/>\n<strong>Hinterpfoten:<\/strong> Oval, geschlossen, m\u00e4\u03b2ig aufgew\u00f6lbt; kr\u00e4ftige, dunkel pigmentierte Zehenn\u00e4gel; feste, gut gepolsterte, schwarz pigmentierte Ballen. Dichte Behaarung zwischen den Ballen.<\/td>\n<\/tr>\n<tr class=\"row-18\">\n\t<td class=\"column-1\"><strong>Gangwerk:<\/strong><\/td><td class=\"column-2\">Raumgreifend und harmonisch mit kr\u00e4ftigem Schub und gutem Vortritt. R\u00fccken in der Bewegung fest und in guter Gleichgewichtslage; Vorder- und Hinterhand gerade tretend, bei zunehmender Laufgeschwindigkeit enger werdend.<br \/>\nBevorzugte Gangart: Trab.<\/td>\n<\/tr>\n<tr class=\"row-19\">\n\t<td class=\"column-1\"><strong>Haut:<\/strong><\/td><td class=\"column-2\">Straff; pigmentiert.<br \/>\n<\/td>\n<\/tr>\n<tr class=\"row-20\">\n\t<td class=\"column-1\"><strong>Haarkleid:<\/strong><\/td><td class=\"column-2\"><strong>Haar:<\/strong> Am ganzen K\u00f6rper dichte Unterwolle und mittellanges, lose anliegendes Deckhaar; Fang, Gesicht, Ohren und Vorderseite der L\u00e4ufe kurzhaarig; Rute, R\u00fcckseite der Vorderl\u00e4ufe (Fahnen) und Hinterl\u00e4ufe (Hosen) l\u00e4nger behaart. Deckhaar am Hals nur m\u00e4ssig l\u00e4nger als am K\u00f6rper, keine M\u00e4hne bildend.<br \/>\n<strong>Farbe:<\/strong> Alle Farben und Farbkombinationen sind zugelassen, ausgenommen reinweiss, gescheckt.<\/td>\n<\/tr>\n<tr class=\"row-21\">\n\t<td class=\"column-1\"><strong>Gr\u00f6\u00dfe und Gewicht:<\/strong><\/td><td class=\"column-2\">R\u00fcden: 56 cm\/26 kg, H\u00fcndinnen: 52 cm\/22 kg.<br \/>\n<br \/>\nMa\u03b2gebend ist die Ausgewogenheit der Proportionen, doch sind die anzustrebenden Idealwerte die mittleren Gr\u00f6\u03b2en- und Gewichtsangaben.<\/td>\n<\/tr>\n<tr class=\"row-22\">\n\t<td class=\"column-1\"><strong>Fehler:<\/strong><\/td><td class=\"column-2\">Jede Abweichung von den vorgenannten Punkten muss als Fehler angesehen werden, dessen Bewertung in genauem Verh\u00e4ltnis zum Grad der Abweichung stehen sollte und dessen Einfluss auf die Gesundheit und das Wohlbefinden des Hundes zu beachten ist.<\/td>\n<\/tr>\n<tr class=\"row-23\">\n\t<td class=\"column-1\"><strong>schwere Fehler:<\/strong><\/td><td class=\"column-2\">\u2022 Starke Pigmentverluste.<br \/>\n\u2022 Starker Stirnabsatz und\/oder stark gew\u00f6lbter Oberkopf.<br \/>\n\u2022 Steile Hinterhand.<br \/>\n\u2022 Stark nachgebendes Vorderfu\u03b2wurzelgelenk.<br \/>\n\u2022 Senk- und Karpfenr\u00fccken.<br \/>\n\u2022 Verlust von drei oder vier P2.<br \/>\n\u2022 Verlust eines oder mehrerer P1 sowie gleichzeitig zwei oder mehrerer P2.<br \/>\n\u2022 Sichtlich offene, nicht aufliegende Rute.<br \/>\n\u2022 Kurze Rute.<br \/>\n\u2022 Mangelndes Geschlechtsgepr\u00e4ge.<\/td>\n<\/tr>\n<tr class=\"row-24\">\n\t<td class=\"column-1\"><strong>disqualifizierende Fehler:<\/strong><\/td><td class=\"column-2\">\u2022 Aggressive oder \u0171berm\u00e4\u03b2ig \u00e4ngstliche Hunde<br \/>\n\u2022 Hunde, die deutlich physische Abnormalit\u00e4ten oder Verhaltensst\u0151rungen aufweisen.<br \/>\n\u2022 Fehlen eines Schneide- oder Fangszahns, auch mehrerer.<br \/>\n\u2022 Fehlen eines oder mehrerer Pr\u00e4molaren 3 oder 4.<br \/>\n\u2022 Fehlen eines oder mehrerer Molaren 1 oder 2.<br \/>\n\u2022 Gebissanomalien.<br \/>\n\u2022 Ektropium, Entropium; zu tief liegende oder zu kleine Augen.<br \/>\n\u2022 Kippohren, H\u00e4ngeohren.<br \/>\n\u2022 Knickrute.<br \/>\n\u2022 Unstabiles Sprunggelenk: abnormale Beweglichkeit nach vorne oder zur Seite beim stehenden Hund.<br \/>\n\u2022 Scheckenbildung.<br \/>\n\u2022 Reinwei\u03b2.<\/td>\n<\/tr>\n<tr class=\"row-25\">\n\t<td class=\"column-1\"><strong>N.B.<\/strong><\/td><td class=\"column-2\">\u2022 R\u00fcden m\u00fcssen zwei offensichtlich normal entwickelte Hoden aufweisen, die sich vollst\u00e4ndig im Hodensack befinden.<br \/>\n\u2022 Zur Zucht sollen ausschlie\u00dflich funktional und klinisch gesunde, rassetypische Hunde verwendet werden.<\/td>\n<\/tr>\n<\/tbody>\n<\/table>\n<!-- #tablepress-1 from cache -->\n","protected":false},"excerpt":{"rendered":"","protected":false},"author":1,"featured_media":0,"parent":0,"menu_order":0,"comment_status":"closed","ping_status":"closed","template":"","meta":{"footnotes":""},"class_list":["post-55","page","type-page","status-publish","hentry"],"_links":{"self":[{"href":"https:\/\/urhund.de\/index.php?rest_route=\/wp\/v2\/pages\/55","targetHints":{"allow":["GET"]}}],"collection":[{"href":"https:\/\/urhund.de\/index.php?rest_route=\/wp\/v2\/pages"}],"about":[{"href":"https:\/\/urhund.de\/index.php?rest_route=\/wp\/v2\/types\/page"}],"author":[{"embeddable":true,"href":"https:\/\/urhund.de\/index.php?rest_route=\/wp\/v2\/users\/1"}],"replies":[{"embeddable":true,"href":"https:\/\/urhund.de\/index.php?rest_route=%2Fwp%2Fv2%2Fcomments&post=55"}],"version-history":[{"count":4,"href":"https:\/\/urhund.de\/index.php?rest_route=\/wp\/v2\/pages\/55\/revisions"}],"predecessor-version":[{"id":83,"href":"https:\/\/urhund.de\/index.php?rest_route=\/wp\/v2\/pages\/55\/revisions\/83"}],"wp:attachment":[{"href":"https:\/\/urhund.de\/index.php?rest_route=%2Fwp%2Fv2%2Fmedia&parent=55"}],"curies":[{"name":"wp","href":"https:\/\/api.w.org\/{rel}","templated":true}]}}